units digit of z?
6
Suppose 2*m = 7*m. Suppose -5*t + 0*t - 5*i + 1725 = m, 1765 = 5*t - 3*i. Suppose 2*d + 5*d = t. What is the tens digit of d?
5
What is the hundreds digit of (1499/21 - 4/(-14))*3?
2
Let j(b) = -3*b**3 + 2*b**2 + b. Suppose -5*f + 3*f - 2 = 0. Let l be j(f). Suppose -l*k - 45 = -137. What is the tens digit of k?
2
Let c(x) = -x**2 - 3*x - 4. Let f be c(-4). Let m be (f/(-10))/((-6)/(-255)). Suppose 0 = p - 3*p + m. What is the tens digit of p?
1
Suppose 2*h = 25*h - 11017. What is the units digit of h?
9
Let y(x) = 2*x**2 - 4*x + 2. Let c be y(-6). Let q be -2 - -6*8/12. Suppose -q*h - 5*d = -c, -28 = 3*h - 3*d - 133. What is the tens digit of h?
3
Suppose 134 = 9*p - 163. Suppose -p*t - 123 = -34*t. What is the hundreds digit of t?
1
Suppose 0 = -2*f - 2*r + 2, -4*r + 31 = -5*f - 0*r. Let j be f/6 - (-75)/6. Suppose -3*o = -j - 51. What is the tens digit of o?
2
Let f = 32 - -2902. What is the thousands digit of f?
2
Let h be (5/(-2))/(16/96). Let m = -19 - h. What is the units digit of 3/1 - (-26 + m)?
3
Suppose 0 = -11*y + 3*y + 8. What is the units digit of (-3 + 0)*(y + (-44)/3)?
1
Suppose 5*d - u - 22 = 0, 5*d - 2 = 4*d - u. Let q be (-26)/((d - 3)/(-4)). What is the tens digit of ((-3)/6)/((-4)/q)?
1
Let d = -155 - -158. Suppose t = -d, 4*l - 2*l = -2*t + 294. What is the tens digit of l?
5
Suppose -4*g + 13 = -3*i, 4*i = -g + i + 7. Suppose 3*h - 8 = g, h = -4*y + 8. Suppose -y - 4 = -t. What is the units digit of t?
5
Suppose -s - 3*s = 4*n - 1140, 570 = 2*n - s. Let d = n + -429. What is the units digit of -1*1/(3/d)?
8
Let u be 13/(-26) - (-14)/4. Suppose -u*p = -p - 14. Suppose 0 = p*o - 9*o + 54. What is the tens digit of o?
2
Suppose d - 5*d + 16 = 0. Let z be 2*(-7 - d - -1). What is the units digit of (-2 - -1)/(1/z)?
0
Suppose 0 = 3*p - 8*p + 15. Suppose 5*m - 12 = p. Suppose -m*f = 4*w - 2*f - 160, 0 = -5*w + 4*f + 179. What is the tens digit of w?
3
Let d = 8 - -20. Let f(b) = -b - 38. Let r be f(-20). Let m = r + d. What is the units digit of m?
0
Let r(f) = -11*f - 12. Suppose -5*t - 19 - 11 = 0. What is the units digit of r(t)?
4
What is the thousands digit of 2 + 4 + 0 - (-1014 + -5)?
1
Let z = 64 + -32. Let j = 47 - z. What is the units digit of j?
5
Let g be 9972/30 - 6/15. Suppose 4*j + t - g = -j, -2*t + 329 = 5*j. What is the units digit of j?
7
What is the tens digit of 2/15 - 6*(-68396)/180?
8
Let b(f) = f**2 + f - 2. Let v = 29 - 31. Let y be 12*(-4 + (-9)/v). What is the units digit of b(y)?
0
Let a = -89 + 92. Suppose a*x = 455 + 286. What is the units digit of x?
7
Suppose 0*m - 5*m - 75 = 0. Let s be 45/m - (-7 - 1). What is the units digit of (s - 8) + 0 + 4?
1
Let x be 16/88 + (-3426)/(-33). Suppose 85 = g - x. What is the hundreds digit of g?
1
Let a = 22 - 20. What is the units digit of -14*((-12)/(-8) - a) + 0?
7
Let o be 399/45 - 2/(-15). Let h(f) = f**3 - 8*f**2 + 6*f + 14. What is the units digit of h(o)?
9
Let b = 64 - 54. What is the units digit of b?
0
Suppose -5*r = -5*g - 10, 3*r = -3*g + 9 + 3. Let b = 165 - g. What is the hundreds digit of b?
1
Let t be (4/(-6))/((-8)/876). Suppose t = 3*y + 3*v - 149, -5*y + 4*v = -352. What is the tens digit of y?
7
Let v be -3*1 - (2 + -8). Suppose 5*a + 4*z - 11 = 0, 3*a + 3*z = 3 + v. Let j(p) = -p**2 + 2*p + 4. What is the units digit of j(a)?
1
Suppose -c = -3*c - 46. Let d be 4/10 - (-1 + (-1308)/30). Let f = d + c. What is the units digit of f?
2
Suppose -2*i - 5*v = -82, -4*v = 4*i - 2*i - 84. Let n = -5 + -6. Let t = i + n. What is the units digit of t?
5
Let v(c) = -2*c**3 - 46*c**2 - 5*c + 27. What is the tens digit of v(-23)?
4
Let g(q) = q**2 - 3*q + 4. Let h be g(3). Let j be ((-156)/(-24) - 14)*304/10. What is the units digit of h/10 - j/5?
6
Suppose -15*b = -y - 13*b + 998, -4960 = -5*y - 5*b. What is the units digit of y?
4
Suppose -10633 + 36538 = 11*l. What is the tens digit of l?
5
Suppose 2*h - 14 = -0*h + 3*a, -4*a - 20 = -3*h. Suppose -3*k + 3 + 37 = 5*p, 0 = 4*k + h*p - 56. Let z = 30 - k. What is the units digit of z?
5
Suppose -o = 5*d - 4220, 5*d - 1688 = 3*d - 5*o. What is the units digit of d?
4
Let b = 1790 + -921. What is the hundreds digit of b?
8
Let r(l) = -1590*l + 103. What is the tens digit of r(-1)?
9
Suppose 113*m - 109*m = 3812. What is the units digit of m?
3
Suppose 0 = 15*v - 15163 - 11432. What is the thousands digit of v?
1
Let y(b) = 3*b - 7. Let o be y(4). Let w = 14 - 9. Suppose w*n + 7*j - 130 = 3*j, 2*j + 130 = o*n. What is the units digit of n?
6
Let j be 144/14 - 4/14. Let q be (-3)/21*(3 - j). Suppose 5*v + q - 61 = 0. What is the units digit of v?
2
Let q(z) = 2*z + 2*z**3 + 7*z**2 - 2*z - z**3 - 1. What is the tens digit of q(-5)?
4
Suppose -4*u + 7*u + 6 = 0, 5*u + 1262 = 2*s. What is the units digit of s?
6
Suppose -10*n + 15*n - 40 = 0. Let b(p) = 8*p + 12. What is the tens digit of b(n)?
7
Suppose -3*w = 21*s - 20*s - 333, 3*s = 9. What is the units digit of w?
0
Let p be 289/(-2) + 3/2. Let m = p + 266. What is the hundreds digit of m?
1
Suppose -93*p = -111549 + 14085. What is the hundreds digit of p?
0
Suppose 3*s - 4*s + 14 = 0. Let b = s + -15. What is the tens digit of b - (-2 + 2) - -30?
2
Let f = 3178 - 2121. What is the thousands digit of f?
1
Suppose 923 = 7*q + 3191. Let a = -178 - q. Suppose x - 54 = -2*z, -4*z + a = 4*x - 90. What is the tens digit of x?
6
Suppose 0 = w + 2*q - 4*q - 6, 0 = -3*q - 12. Let s = 2 - w. Suppose 0 = s*z - 27 - 29. What is the units digit of z?
4
Suppose -4*o + 3 = -3*o. Suppose k - 9 = -4*h + 118, o*k = -5*h + 164. What is the units digit of h?
1
Let c be 0*(-3)/(-9) + 0. Let y(p) = 2*p**3 - 4*p**3 - p**2 + 35 - 2*p + p**3 + p. What is the units digit of y(c)?
5
Let h(u) = -u**2 + 4*u + 2. Let l be h(3). Let b(c) = 8*c + 7. What is the tens digit of b(l)?
4
Let z(p) = p + 12. Let m be z(-7). Suppose -5 = i - 4*b - b, 2*b - 2 = -m*i. Suppose 5*r + 3 - 8 = i. What is the units digit of r?
1
Let j(t) = t**2 + 4 - 16*t + 18*t + 2. What is the units digit of j(-11)?
5
What is the tens digit of 1*1/(1/1267)?
6
Suppose -10 = -2*q, -6*t + 26 = -4*t + 4*q. Let d be (2 - -6) + (0 - t). Suppose 3*v - 3 = -w + 2, d*w + 3*v = 49. What is the tens digit of w?
1
Let r(i) = i**2 - 6*i + 31. What is the units digit of r(-14)?
1
Suppose l - 1 = -2*p - 3, 4*p = -3*l. Suppose -5*f - 5*v = -l*f - 11, 4*v = 4*f - 140. What is the units digit of f?
1
Suppose t - 12 = -5*t. Suppose -i = -5*b - 114, 5*b = t*b + 3. What is the hundreds digit of i?
1
What is the tens digit of (-2)/124*-274478 + (-46)/713?
2
Let d(v) = 465*v - 703. What is the tens digit of d(5)?
2
Let a be (-6 - -640) + 2/(-2). Let i = a - 392. What is the hundreds digit of i?
2
Let d(r) = -r**2 - 12*r - 11. Suppose -3*c = 2*p - 193, c - 4*p - 46 = -p. Suppose -5*b + 4*f + 16 = c, 0 = b - f + 9. What is the units digit of d(b)?
6
Suppose 4*w + 71 + 41 = 0. What is the tens digit of (-1701)/w + 3/12?
6
Let b be ((-260)/15)/((-1)/(-6)). What is the units digit of (-4)/(-18) + b/(-18)?
6
Suppose -7 = -4*s - 3. What is the units digit of 38/(s/(-2)*-2)?
8
Suppose -1156 = -8*y + 18804. What is the hundreds digit of y?
4
Let m(x) be the first derivative of x**2/2 + 4*x + 10. Let f be m(-10). Let b(w) = 2*w**2 + 7*w - 1. What is the tens digit of b(f)?
2
Let n = -83 - 60. What is the tens digit of 153*(22/n + (-15)/(-13))?
5
What is the units digit of -2 - (810/8)/(21/(-252))?
3
Suppose -5*r - 2*u + 428 = 0, -r - 35*u + 31*u + 100 = 0. What is the units digit of r?
4
Let o be (-2)/(9/(-4) + 2). Suppose -p - g + o = 2*g, -2*g = -4. Suppose p*z = -17 + 47. What is the units digit of z?
5
Let a = 19 + -12. Suppose 0 = -a*f + 10*f + 3. What is the tens digit of (f/(-1))/((-1)/(-32))?
3
Suppose -9*j + 3324 + 1365 = 0. What is the hundreds digit of j?
5
Suppose 101165 + 42613 = 31*h. What is the thousands digit of h?
4
Suppose 9*c - 6*c + 3 = 0. What is the units digit of ((-1448)/4)/(c - 1)?
1
Let u be 1*(-20)/(-4 - 0). Suppose 60 = 8*y - u*y. What is the units digit of y?
0
What is the tens digit of (2 + -13 - -19)*(-1 + 179)?
2
Suppose -179 = -3*s + 127. Suppose 6*r - 5*p = 10*r - 90, -p + s = 5*r. What is the units digit of r?
0
Suppose n + z - 468 = 0, 0*n + 3*z = -4*n + 1875. What is the hundreds digit